CRAN Package Check Results for Package corncob

Last updated on 2023-06-02 10:52:27 CEST.

Flavor Version Tinstall Tcheck Ttotal Status Flags
r-devel-linux-x86_64-debian-clang 0.3.1 32.88 482.37 515.25 OK
r-devel-linux-x86_64-debian-gcc 0.3.1 27.14 348.48 375.62 OK
r-devel-linux-x86_64-fedora-clang 0.3.1 642.61 OK
r-devel-linux-x86_64-fedora-gcc 0.3.1 614.69 OK
r-devel-windows-x86_64 0.3.1 28.00 330.00 358.00 OK
r-patched-linux-x86_64 0.3.1 OK
r-release-linux-x86_64 0.3.1 30.02 454.12 484.14 OK
r-release-macos-arm64 0.3.1 16.00 ERROR
r-release-macos-x86_64 0.3.1 7.00 ERROR
r-release-windows-x86_64 0.3.1 36.00 433.00 469.00 OK
r-oldrel-macos-arm64 0.3.1 175.00 OK
r-oldrel-macos-x86_64 0.3.1 215.00 OK
r-oldrel-windows-x86_64 0.3.1 41.00 433.00 474.00 OK

Check Details

Version: 0.3.1
Check: package dependencies
Result: ERROR
    Package required but not available: ‘phyloseq’
    
    See section ‘The DESCRIPTION file’ in the ‘Writing R Extensions’
    manual.
Flavors: r-release-macos-arm64, r-release-macos-x86_64