CRAN Package Check Results for Package coreCollection

Last updated on 2024-07-21 09:54:43 CEST.

Flavor Version Tinstall Tcheck Ttotal Status Flags
r-devel-linux-x86_64-debian-clang 0.9.5 54.77 31.87 86.64 OK
r-devel-linux-x86_64-debian-gcc 0.9.5 35.02 24.35 59.37 NOTE
r-devel-linux-x86_64-fedora-clang 0.9.5 175.02 OK
r-devel-linux-x86_64-fedora-gcc 0.9.5 168.94 OK
r-devel-windows-x86_64 0.9.5 44.00 62.00 106.00 NOTE
r-patched-linux-x86_64 0.9.5 66.55 31.24 97.79 OK
r-release-linux-x86_64 0.9.5 64.00 31.09 95.09 OK
r-release-macos-arm64 0.9.5 33.00 OK
r-release-macos-x86_64 0.9.5 39.00 OK
r-release-windows-x86_64 0.9.5 62.00 63.00 125.00 OK
r-oldrel-macos-arm64 0.9.5 42.00 OK
r-oldrel-macos-x86_64 0.9.5 67.00 OK
r-oldrel-windows-x86_64 0.9.5 56.00 71.00 127.00 OK

Check Details

Version: 0.9.5
Check: Rd cross-references
Result: NOTE Found the following Rd file(s) with Rd \link{} targets missing package anchors: CoreCollection.Rd: R6Class dot-CoreCollectionClass.Rd: R6Class Please provide package anchors for all Rd \link{} targets not in the package itself and the base packages. Flavors: r-devel-linux-x86_64-debian-gcc, r-devel-windows-x86_64