CRAN Package Check Results for Package copula

Last updated on 2024-07-19 10:56:43 CEST.

Flavor Version Tinstall Tcheck Ttotal Status Flags
r-devel-linux-x86_64-debian-clang 1.1-3 51.40 968.67 1020.07 OK
r-devel-linux-x86_64-debian-gcc 1.1-3 40.96 666.32 707.28 OK
r-devel-linux-x86_64-fedora-clang 1.1-3 863.24 NOTE
r-devel-linux-x86_64-fedora-gcc 1.1-3 775.93 OK
r-devel-windows-x86_64 1.1-3 55.00 475.00 530.00 NOTE --no-vignettes
r-patched-linux-x86_64 1.1-3 54.92 913.82 968.74 OK
r-release-linux-x86_64 1.1-3 46.73 917.41 964.14 OK
r-release-macos-arm64 1.1-3 311.00 NOTE
r-release-macos-x86_64 1.1-3 568.00 NOTE
r-release-windows-x86_64 1.1-3 53.00 482.00 535.00 NOTE --no-vignettes
r-oldrel-macos-arm64 1.1-3 346.00 NOTE
r-oldrel-macos-x86_64 1.1-3 732.00 NOTE
r-oldrel-windows-x86_64 1.1-3 70.00 467.00 537.00 NOTE --no-vignettes

Check Details

Version: 1.1-3
Check: installed package size
Result: NOTE installed size is 7.8Mb sub-directories of 1Mb or more: R 2.1Mb doc 3.5Mb Flavors: r-devel-linux-x86_64-fedora-clang, r-release-macos-arm64, r-release-macos-x86_64, r-oldrel-macos-arm64, r-oldrel-macos-x86_64

Version: 1.1-3
Flags: --no-vignettes
Check: installed package size
Result: NOTE installed size is 7.6Mb sub-directories of 1Mb or more: R 2.1Mb doc 3.5Mb Flavors: r-devel-windows-x86_64, r-release-windows-x86_64, r-oldrel-windows-x86_64

Version: 1.1-3
Flags: --no-vignettes
Check: Rd cross-references
Result: NOTE Found the following Rd file(s) with Rd \link{} targets missing package anchors: cloud2-methods.Rd: cloud contourplot2-methods.Rd: contourplot splom2-methods.Rd: splom wireframe2-methods.Rd: wireframe, panel.3dwire Please provide package anchors for all Rd \link{} targets not in the package itself and the base packages. Flavor: r-devel-windows-x86_64