CRAN Package Check Results for Package convevol

Last updated on 2021-12-01 09:54:25 CET.

Flavor Version Tinstall Tcheck Ttotal Status Flags
r-devel-linux-x86_64-debian-clang 1.3 10.23 90.33 100.56 NOTE
r-devel-linux-x86_64-debian-gcc 1.3 9.11 77.20 86.31 NOTE
r-devel-linux-x86_64-fedora-clang 1.3 128.40 NOTE
r-devel-linux-x86_64-fedora-gcc 1.3 118.14 NOTE
r-devel-windows-x86_64-new-UL 1.3 18.00 130.00 148.00 NOTE
r-devel-windows-x86_64-new-TK 1.3 NOTE
r-devel-windows-x86_64-old 1.3 14.00 86.00 100.00 NOTE
r-patched-linux-x86_64 1.3 9.86 85.20 95.06 NOTE
r-patched-solaris-x86 1.3 175.90 NOTE
r-release-linux-x86_64 1.3 9.47 85.21 94.68 NOTE
r-release-macos-arm64 1.3 NOTE
r-release-macos-x86_64 1.3 NOTE
r-release-windows-ix86+x86_64 1.3 25.00 83.00 108.00 NOTE
r-oldrel-macos-x86_64 1.3 OK
r-oldrel-windows-ix86+x86_64 1.3 16.00 97.00 113.00 OK

Check Details

Version: 1.3
Check: LazyData
Result: NOTE
     'LazyData' is specified without a 'data' directory
Flavors: r-devel-linux-x86_64-debian-clang, r-devel-linux-x86_64-debian-gcc, r-devel-linux-x86_64-fedora-clang, r-devel-linux-x86_64-fedora-gcc, r-devel-windows-x86_64-new-UL, r-devel-windows-x86_64-new-TK, r-devel-windows-x86_64-old, r-patched-linux-x86_64, r-patched-solaris-x86, r-release-linux-x86_64, r-release-macos-arm64, r-release-macos-x86_64, r-release-windows-ix86+x86_64