Last updated on 2023-09-24 09:57:38 CEST.
Flavor | Version | Tinstall | Tcheck | Ttotal | Status | Flags |
---|---|---|---|---|---|---|
r-devel-linux-x86_64-debian-clang | 1.0.5 | 38.07 | 34.73 | 72.80 | NOTE | |
r-devel-linux-x86_64-debian-gcc | 1.0.5 | 26.50 | 27.08 | 53.58 | NOTE | |
r-devel-linux-x86_64-fedora-clang | 1.0.5 | 108.37 | NOTE | |||
r-devel-linux-x86_64-fedora-gcc | 1.0.5 | 104.97 | NOTE | |||
r-devel-windows-x86_64 | 1.0.5 | 31.00 | 72.00 | 103.00 | NOTE | |
r-patched-linux-x86_64 | 1.0.5 | 37.49 | 34.05 | 71.54 | NOTE | |
r-release-linux-x86_64 | 1.0.5 | 37.64 | 34.40 | 72.04 | NOTE | |
r-release-macos-arm64 | 1.0.5 | 34.00 | NOTE | |||
r-release-macos-x86_64 | 1.0.5 | 49.00 | NOTE | |||
r-release-windows-x86_64 | 1.0.5 | 39.00 | 75.00 | 114.00 | NOTE | |
r-oldrel-macos-arm64 | 1.0.5 | 32.00 | OK | |||
r-oldrel-macos-x86_64 | 1.0.5 | 40.00 | OK | |||
r-oldrel-windows-x86_64 | 1.0.5 | 37.00 | 73.00 | 110.00 | OK |
Version: 1.0.5
Check: C++ specification
Result: NOTE
Specified C++11: please drop specification unless essential
Flavors: r-devel-linux-x86_64-debian-clang, r-devel-linux-x86_64-debian-gcc, r-devel-linux-x86_64-fedora-clang, r-devel-linux-x86_64-fedora-gcc, r-devel-windows-x86_64, r-patched-linux-x86_64, r-release-linux-x86_64, r-release-macos-arm64, r-release-macos-x86_64, r-release-windows-x86_64
Version: 1.0.5
Check: compiled code
Result: NOTE
File ‘contoureR/libs/contoureR.so’:
Found no calls to: ‘R_registerRoutines’, ‘R_useDynamicSymbols’
It is good practice to register native routines and to disable symbol
search.
See ‘Writing portable packages’ in the ‘Writing R Extensions’ manual.
Flavors: r-devel-linux-x86_64-fedora-clang, r-devel-linux-x86_64-fedora-gcc