CRAN Package Check Results for Package conleyreg

Last updated on 2022-01-23 09:58:23 CET.

Flavor Version Tinstall Tcheck Ttotal Status Flags
r-devel-linux-x86_64-debian-clang 0.1.6 243.11 92.64 335.75 OK
r-devel-linux-x86_64-debian-gcc 0.1.6 172.34 76.50 248.84 OK
r-devel-linux-x86_64-fedora-clang 0.1.6 494.52 NOTE
r-devel-linux-x86_64-fedora-gcc 0.1.6 416.72 NOTE
r-devel-windows-x86_64-new-UL 0.1.6 189.00 137.00 326.00 OK
r-devel-windows-x86_64-new-TK 0.1.6 NOTE
r-patched-linux-x86_64 0.1.6 200.88 85.13 286.01 OK
r-release-linux-x86_64 0.1.6 192.59 87.01 279.60 OK
r-release-macos-arm64 0.1.6 NOTE
r-release-macos-x86_64 0.1.6 NOTE
r-release-windows-ix86+x86_64 0.1.6 544.00 143.00 687.00 OK
r-oldrel-macos-x86_64 0.1.6 NOTE
r-oldrel-windows-ix86+x86_64 0.1.6 546.00 144.00 690.00 OK

Check Details

Version: 0.1.6
Check: installed package size
Result: NOTE
     installed size is 11.0Mb
     sub-directories of 1Mb or more:
     libs 10.6Mb
Flavors: r-devel-linux-x86_64-fedora-clang, r-release-macos-arm64, r-release-macos-x86_64, r-oldrel-macos-x86_64

Version: 0.1.6
Check: dependencies in R code
Result: NOTE
    Namespaces in Imports field not imported from:
     ‘base’ ‘lwgeom’ ‘s2’
     All declared Imports should be used.
Flavors: r-devel-linux-x86_64-fedora-clang, r-devel-linux-x86_64-fedora-gcc, r-devel-windows-x86_64-new-TK, r-release-macos-arm64, r-release-macos-x86_64, r-oldrel-macos-x86_64