CRAN Package Check Results for Package comparator

Last updated on 2024-04-15 13:52:05 CEST.

Flavor Version Tinstall Tcheck Ttotal Status Flags
r-devel-linux-x86_64-debian-clang 0.1.2 37.98 46.08 84.06 NOTE
r-devel-linux-x86_64-debian-gcc 0.1.2 32.36 33.98 66.34 NOTE
r-devel-linux-x86_64-fedora-clang 0.1.2 109.34 NOTE
r-devel-linux-x86_64-fedora-gcc 0.1.2 119.22 NOTE
r-prerel-macos-arm64 0.1.2 28.00 NOTE
r-prerel-windows-x86_64 0.1.2 28.00 78.00 106.00 NOTE
r-patched-linux-x86_64 0.1.2 38.73 43.20 81.93 NOTE
r-release-linux-x86_64 0.1.2 34.54 43.26 77.80 NOTE
r-release-macos-arm64 0.1.2 32.00 NOTE
r-release-macos-x86_64 0.1.2 52.00 NOTE
r-release-windows-x86_64 0.1.2 27.00 88.00 115.00 NOTE
r-oldrel-macos-arm64 0.1.2 29.00 OK
r-oldrel-windows-x86_64 0.1.2 37.00 85.00 122.00 OK

Check Details

Version: 0.1.2
Check: C++ specification
Result: NOTE Specified C++11: please drop specification unless essential Flavors: r-devel-linux-x86_64-debian-clang, r-devel-linux-x86_64-debian-gcc, r-devel-linux-x86_64-fedora-clang, r-devel-linux-x86_64-fedora-gcc, r-prerel-macos-arm64, r-prerel-windows-x86_64, r-patched-linux-x86_64, r-release-linux-x86_64, r-release-macos-arm64, r-release-macos-x86_64, r-release-windows-x86_64