CRAN Package Check Results for Package colorizer

Last updated on 2023-05-30 11:00:08 CEST.

Flavor Version Tinstall Tcheck Ttotal Status Flags
r-devel-linux-x86_64-debian-clang 0.1.0 6.36 47.54 53.90 NOTE
r-devel-linux-x86_64-debian-gcc 0.1.0 4.55 35.62 40.17 NOTE
r-devel-linux-x86_64-fedora-clang 0.1.0 71.34 NOTE
r-devel-linux-x86_64-fedora-gcc 0.1.0 62.38 NOTE
r-devel-windows-x86_64 0.1.0 7.00 55.00 62.00 NOTE
r-patched-linux-x86_64 0.1.0 5.58 44.50 50.08 NOTE
r-release-linux-x86_64 0.1.0 5.44 44.13 49.57 NOTE
r-release-macos-arm64 0.1.0 23.00 NOTE
r-release-macos-x86_64 0.1.0 35.00 NOTE
r-release-windows-x86_64 0.1.0 10.00 60.00 70.00 NOTE
r-oldrel-macos-arm64 0.1.0 22.00 NOTE
r-oldrel-macos-x86_64 0.1.0 43.00 NOTE
r-oldrel-windows-x86_64 0.1.0 9.00 65.00 74.00 NOTE

Check Details

Version: 0.1.0
Check: LazyData
Result: NOTE
     'LazyData' is specified without a 'data' directory
Flavors: r-devel-linux-x86_64-debian-clang, r-devel-linux-x86_64-debian-gcc, r-devel-linux-x86_64-fedora-clang, r-devel-linux-x86_64-fedora-gcc, r-devel-windows-x86_64, r-patched-linux-x86_64, r-release-linux-x86_64, r-release-macos-arm64, r-release-macos-x86_64, r-release-windows-x86_64, r-oldrel-macos-arm64, r-oldrel-macos-x86_64, r-oldrel-windows-x86_64