CRAN Package Check Results for Package colorfindr

Last updated on 2022-12-03 10:51:16 CET.

Flavor Version Tinstall Tcheck Ttotal Status Flags
r-devel-linux-x86_64-debian-clang 0.1.4 8.07 84.12 92.19 NOTE
r-devel-linux-x86_64-debian-gcc 0.1.4 7.05 62.79 69.84 NOTE
r-devel-linux-x86_64-fedora-clang 0.1.4 129.57 NOTE
r-devel-linux-x86_64-fedora-gcc 0.1.4 123.81 NOTE
r-devel-windows-x86_64 0.1.4 23.00 117.00 140.00 NOTE
r-patched-linux-x86_64 0.1.4 12.65 78.42 91.07 NOTE
r-release-linux-x86_64 0.1.4 7.81 78.35 86.16 NOTE
r-release-macos-arm64 0.1.4 33.00 NOTE
r-release-macos-x86_64 0.1.4 55.00 NOTE
r-release-windows-x86_64 0.1.4 25.00 108.00 133.00 NOTE
r-oldrel-macos-arm64 0.1.4 36.00 NOTE
r-oldrel-macos-x86_64 0.1.4 54.00 NOTE
r-oldrel-windows-ix86+x86_64 0.1.4 22.00 105.00 127.00 NOTE

Check Details

Version: 0.1.4
Check: LazyData
Result: NOTE
     'LazyData' is specified without a 'data' directory
Flavors: r-devel-linux-x86_64-debian-clang, r-devel-linux-x86_64-debian-gcc, r-devel-linux-x86_64-fedora-clang, r-devel-linux-x86_64-fedora-gcc, r-devel-windows-x86_64, r-patched-linux-x86_64, r-release-linux-x86_64, r-release-macos-arm64, r-release-macos-x86_64, r-release-windows-x86_64, r-oldrel-macos-arm64, r-oldrel-macos-x86_64, r-oldrel-windows-ix86+x86_64