CRAN Package Check Results for Package coloredICA

Last updated on 2022-01-24 10:51:53 CET.

Flavor Version Tinstall Tcheck Ttotal Status Flags
r-devel-linux-x86_64-debian-clang 1.0.0 3.62 35.83 39.45 NOTE
r-devel-linux-x86_64-debian-gcc 1.0.0 2.77 27.87 30.64 NOTE
r-devel-linux-x86_64-fedora-clang 1.0.0 50.33 NOTE
r-devel-linux-x86_64-fedora-gcc 1.0.0 37.17 NOTE
r-devel-windows-x86_64-new-UL 1.0.0 34.00 53.00 87.00 NOTE
r-devel-windows-x86_64-new-TK 1.0.0 NOTE
r-patched-linux-x86_64 1.0.0 3.21 34.87 38.08 NOTE
r-release-linux-x86_64 1.0.0 2.63 35.05 37.68 NOTE
r-release-macos-arm64 1.0.0 NOTE
r-release-macos-x86_64 1.0.0 NOTE
r-release-windows-ix86+x86_64 1.0.0 7.00 43.00 50.00 NOTE
r-oldrel-macos-x86_64 1.0.0 NOTE
r-oldrel-windows-ix86+x86_64 1.0.0 6.00 42.00 48.00 NOTE

Check Details

Version: 1.0.0
Check: R code for possible problems
Result: NOTE
    cICA: no visible global function definition for 'mvfft'
    cICA: no visible global function definition for 'ar.yw'
    cICA: no visible global function definition for 'rnorm'
    scICA: no visible global function definition for 'rnorm'
    Undefined global functions or variables:
     ar.yw mvfft rnorm
    Consider adding
     importFrom("stats", "ar.yw", "mvfft", "rnorm")
    to your NAMESPACE file.
Flavors: r-devel-linux-x86_64-debian-clang, r-devel-linux-x86_64-debian-gcc, r-devel-linux-x86_64-fedora-clang, r-devel-linux-x86_64-fedora-gcc, r-devel-windows-x86_64-new-UL, r-devel-windows-x86_64-new-TK, r-patched-linux-x86_64, r-release-linux-x86_64, r-release-macos-arm64, r-release-macos-x86_64, r-release-windows-ix86+x86_64, r-oldrel-macos-x86_64, r-oldrel-windows-ix86+x86_64