CRAN Package Check Results for Package colorSpec

Last updated on 2022-12-01 09:55:05 CET.

Flavor Version Tinstall Tcheck Ttotal Status Flags
r-devel-linux-x86_64-debian-clang 1.4-0 3.67 222.13 225.80 OK
r-devel-linux-x86_64-debian-gcc 1.4-0 3.54 165.58 169.12 OK
r-devel-linux-x86_64-fedora-clang 1.4-0 309.13 NOTE
r-devel-linux-x86_64-fedora-gcc 1.4-0 313.25 OK
r-devel-windows-x86_64 1.4-0 150.00 410.00 560.00 NOTE
r-patched-linux-x86_64 1.4-0 8.16 206.40 214.56 OK
r-release-linux-x86_64 1.4-0 4.78 185.74 190.52 OK
r-release-macos-arm64 1.4-0 95.00 NOTE
r-release-macos-x86_64 1.4-0 110.00 NOTE
r-release-windows-x86_64 1.4-0 162.00 387.00 549.00 NOTE
r-oldrel-macos-arm64 1.4-0 95.00 NOTE
r-oldrel-macos-x86_64 1.4-0 136.00 NOTE
r-oldrel-windows-ix86+x86_64 1.4-0 11.00 281.00 292.00 NOTE

Check Details

Version: 1.4-0
Check: installed package size
Result: NOTE
     installed size is 5.4Mb
     sub-directories of 1Mb or more:
     doc 2.5Mb
     extdata 2.1Mb
Flavors: r-devel-linux-x86_64-fedora-clang, r-devel-windows-x86_64, r-release-macos-arm64, r-release-macos-x86_64, r-release-windows-x86_64, r-oldrel-macos-arm64, r-oldrel-macos-x86_64, r-oldrel-windows-ix86+x86_64