Last updated on 2022-05-28 10:50:42 CEST.
Flavor | Version | Tinstall | Tcheck | Ttotal | Status | Flags |
---|---|---|---|---|---|---|
r-devel-linux-x86_64-debian-clang | 0.1.7 | 2.39 | 51.76 | 54.15 | NOTE | |
r-devel-linux-x86_64-debian-gcc | 0.1.7 | 2.15 | 39.43 | 41.58 | NOTE | |
r-devel-linux-x86_64-fedora-clang | 0.1.7 | 65.53 | NOTE | |||
r-devel-linux-x86_64-fedora-gcc | 0.1.7 | 64.52 | NOTE | |||
r-devel-windows-x86_64 | 0.1.7 | 48.00 | 70.00 | 118.00 | NOTE | |
r-patched-linux-x86_64 | 0.1.7 | 3.83 | 50.25 | 54.08 | NOTE | |
r-release-linux-x86_64 | 0.1.7 | 3.33 | 48.56 | 51.89 | NOTE | |
r-release-macos-arm64 | 0.1.7 | 20.00 | NOTE | |||
r-release-macos-x86_64 | 0.1.7 | 28.00 | NOTE | |||
r-release-windows-x86_64 | 0.1.7 | 59.00 | 69.00 | 128.00 | NOTE | |
r-oldrel-macos-arm64 | 0.1.7 | 27.00 | NOTE | |||
r-oldrel-macos-x86_64 | 0.1.7 | 36.00 | NOTE | |||
r-oldrel-windows-ix86+x86_64 | 0.1.7 | 10.00 | 64.00 | 74.00 | NOTE |
Version: 0.1.7
Check: LazyData
Result: NOTE
'LazyData' is specified without a 'data' directory
Flavors: r-devel-linux-x86_64-debian-clang, r-devel-linux-x86_64-debian-gcc, r-devel-linux-x86_64-fedora-clang, r-devel-linux-x86_64-fedora-gcc, r-devel-windows-x86_64, r-patched-linux-x86_64, r-release-linux-x86_64, r-release-macos-arm64, r-release-macos-x86_64, r-release-windows-x86_64, r-oldrel-macos-arm64, r-oldrel-macos-x86_64, r-oldrel-windows-ix86+x86_64