CRAN Package Check Results for Package cocor

Last updated on 2023-02-05 09:57:12 CET.

Flavor Version Tinstall Tcheck Ttotal Status Flags
r-devel-linux-x86_64-debian-clang 1.1-4 5.92 39.71 45.63 NOTE
r-devel-linux-x86_64-debian-gcc 1.1-4 4.43 30.73 35.16 NOTE
r-devel-linux-x86_64-fedora-clang 1.1-4 57.87 NOTE
r-devel-linux-x86_64-fedora-gcc 1.1-4 56.40 NOTE
r-devel-windows-x86_64 1.1-4 26.00 69.00 95.00 NOTE
r-patched-linux-x86_64 1.1-4 6.04 36.45 42.49 NOTE
r-release-linux-x86_64 1.1-4 5.48 38.03 43.51 NOTE
r-release-macos-arm64 1.1-4 21.00 NOTE
r-release-macos-x86_64 1.1-4 30.00 NOTE
r-release-windows-x86_64 1.1-4 34.00 67.00 101.00 NOTE
r-oldrel-macos-arm64 1.1-4 20.00 NOTE
r-oldrel-macos-x86_64 1.1-4 29.00 NOTE
r-oldrel-windows-ix86+x86_64 1.1-4 12.00 63.00 75.00 NOTE

Check Details

Version: 1.1-4
Check: package dependencies
Result: NOTE
    Package which this enhances but not available for checking: ‘rkward’
Flavors: r-devel-linux-x86_64-debian-clang, r-devel-linux-x86_64-debian-gcc, r-devel-linux-x86_64-fedora-clang, r-devel-linux-x86_64-fedora-gcc, r-devel-windows-x86_64, r-patched-linux-x86_64, r-release-linux-x86_64, r-release-macos-arm64, r-release-macos-x86_64, r-release-windows-x86_64, r-oldrel-macos-arm64, r-oldrel-macos-x86_64, r-oldrel-windows-ix86+x86_64