Last updated on 2023-03-21 10:52:09 CET.
Flavor | Version | Tinstall | Tcheck | Ttotal | Status | Flags |
---|---|---|---|---|---|---|
r-devel-linux-x86_64-debian-clang | 4.4.1 | 26.97 | 288.66 | 315.63 | WARN | |
r-devel-linux-x86_64-debian-gcc | 4.4.1 | 23.82 | 209.79 | 233.61 | WARN | |
r-devel-linux-x86_64-fedora-clang | 4.4.1 | 402.30 | WARN | |||
r-devel-linux-x86_64-fedora-gcc | 4.4.1 | 377.52 | WARN | |||
r-devel-windows-x86_64 | 4.4.1 | 109.00 | 310.00 | 419.00 | WARN | |
r-patched-linux-x86_64 | 4.4.1 | 30.54 | 269.80 | 300.34 | OK | |
r-release-linux-x86_64 | 4.4.1 | 25.00 | 263.43 | 288.43 | OK | |
r-release-macos-arm64 | 4.4.1 | 115.00 | OK | |||
r-release-macos-x86_64 | 4.4.1 | 138.00 | OK | |||
r-release-windows-x86_64 | 4.4.1 | 58.00 | 288.00 | 346.00 | OK | |
r-oldrel-macos-arm64 | 4.4.1 | 110.00 | OK | |||
r-oldrel-macos-x86_64 | 4.4.1 | 148.00 | OK | |||
r-oldrel-windows-ix86+x86_64 | 4.4.1 | 48.00 | 289.00 | 337.00 | OK |
Version: 4.4.1
Check: S3 generic/method consistency
Result: WARN
autoplot:
function(object, ...)
autoplot.bal.tab:
function(x, stats, abs, agg.fun, var.order, drop.missing,
drop.distance, thresholds, line, stars, grid, limits,
colors, shapes, alpha, size, wrap, var.names, title,
sample.names, labels, position, themes, ...)
See section ‘Generic functions and methods’ in the ‘Writing R
Extensions’ manual.
Flavors: r-devel-linux-x86_64-debian-clang, r-devel-linux-x86_64-debian-gcc, r-devel-linux-x86_64-fedora-clang, r-devel-linux-x86_64-fedora-gcc, r-devel-windows-x86_64