CRAN Package Check Results for Package clusterPower

Last updated on 2022-01-27 09:49:27 CET.

Flavor Version Tinstall Tcheck Ttotal Status Flags
r-devel-linux-x86_64-debian-clang 0.7.0 16.10 94.83 110.93 OK
r-devel-linux-x86_64-debian-gcc 0.7.0 11.67 72.21 83.88 OK
r-devel-linux-x86_64-fedora-clang 0.7.0 141.58 OK
r-devel-linux-x86_64-fedora-gcc 0.7.0 135.44 OK
r-devel-windows-x86_64-new-UL 0.7.0 302.00 134.00 436.00 OK
r-devel-windows-x86_64-new-TK 0.7.0 ERROR
r-patched-linux-x86_64 0.7.0 14.43 89.30 103.73 OK
r-release-linux-x86_64 0.7.0 14.08 91.16 105.24 OK
r-release-macos-arm64 0.7.0 OK
r-release-macos-x86_64 0.7.0 OK
r-release-windows-ix86+x86_64 0.7.0 33.00 125.00 158.00 OK
r-oldrel-macos-x86_64 0.7.0 OK
r-oldrel-windows-ix86+x86_64 0.7.0 32.00 135.00 167.00 OK

Check Details

Version: 0.7.0
Check: package dependencies
Result: ERROR
    Packages required but not available: 'lme4', 'car', 'lmerTest'
    
    Package suggested but not available for checking: 'nloptr'
    
    See section 'The DESCRIPTION file' in the 'Writing R Extensions'
    manual.
Flavor: r-devel-windows-x86_64-new-TK