Last updated on 2023-01-28 10:51:23 CET.
Flavor | Version | Tinstall | Tcheck | Ttotal | Status | Flags |
---|---|---|---|---|---|---|
r-devel-linux-x86_64-debian-clang | 1.0.2 | 33.23 | 34.96 | 68.19 | OK | |
r-devel-linux-x86_64-debian-gcc | 1.0.2 | 25.58 | 27.46 | 53.04 | NOTE | |
r-devel-linux-x86_64-fedora-clang | 1.0.2 | 100.82 | OK | |||
r-devel-linux-x86_64-fedora-gcc | 1.0.2 | 92.43 | NOTE | |||
r-devel-windows-x86_64 | 1.0.2 | 36.00 | 79.00 | 115.00 | OK | |
r-patched-linux-x86_64 | 1.0.2 | 26.27 | 34.33 | 60.60 | OK | |
r-release-linux-x86_64 | 1.0.2 | 28.52 | 34.87 | 63.39 | OK | |
r-release-macos-arm64 | 1.0.2 | 29.00 | OK | |||
r-release-macos-x86_64 | 1.0.2 | 37.00 | OK | |||
r-release-windows-x86_64 | 1.0.2 | 34.00 | 88.00 | 122.00 | OK | |
r-oldrel-macos-arm64 | 1.0.2 | 30.00 | OK | |||
r-oldrel-macos-x86_64 | 1.0.2 | 37.00 | OK | |||
r-oldrel-windows-ix86+x86_64 | 1.0.2 | 84.00 | 85.00 | 169.00 | OK |
Version: 1.0.2
Check: C++ specification
Result: NOTE
Specified C++11: please update to current default of C++17
Flavors: r-devel-linux-x86_64-debian-gcc, r-devel-linux-x86_64-fedora-gcc