Last updated on 2023-04-02 09:56:18 CEST.
Flavor | Version | Tinstall | Tcheck | Ttotal | Status | Flags |
---|---|---|---|---|---|---|
r-devel-linux-x86_64-debian-clang | 1.3.7 | 5.69 | 42.69 | 48.38 | NOTE | |
r-devel-linux-x86_64-debian-gcc | 1.3.7 | 4.16 | 31.69 | 35.85 | NOTE | |
r-devel-linux-x86_64-fedora-clang | 1.3.7 | 60.47 | NOTE | |||
r-devel-linux-x86_64-fedora-gcc | 1.3.7 | 56.48 | NOTE | |||
r-devel-windows-x86_64 | 1.3.7 | 8.00 | 65.00 | 73.00 | NOTE | |
r-patched-linux-x86_64 | 1.3.7 | 5.45 | 40.50 | 45.95 | NOTE | |
r-release-linux-x86_64 | 1.3.7 | 6.46 | 39.35 | 45.81 | OK | |
r-release-macos-arm64 | 1.3.7 | 22.00 | OK | |||
r-release-macos-x86_64 | 1.3.7 | 27.00 | OK | |||
r-release-windows-x86_64 | 1.3.7 | 218.00 | 69.00 | 287.00 | OK | |
r-oldrel-macos-arm64 | 1.3.7 | 24.00 | OK | |||
r-oldrel-macos-x86_64 | 1.3.7 | 40.00 | OK | |||
r-oldrel-windows-ix86+x86_64 | 1.3.7 | 11.00 | 61.00 | 72.00 | OK |
Version: 1.3.7
Check: Rd files
Result: NOTE
checkRd: (-1) genRandomClust.Rd:228: Escaped LaTeX specials: \_
checkRd: (-1) genRandomClust.Rd:259: Escaped LaTeX specials: \_
checkRd: (-1) genRandomClust.Rd:327: Escaped LaTeX specials: \_
checkRd: (-1) plot1DProjection.Rd:95: Escaped LaTeX specials: \_ \_
checkRd: (-1) plot2DProjection.Rd:117: Escaped LaTeX specials: \_ \_
checkRd: (-1) simClustDesign.Rd:235: Escaped LaTeX specials: \_
checkRd: (-1) simClustDesign.Rd:268: Escaped LaTeX specials: \_
checkRd: (-1) simClustDesign.Rd:331: Escaped LaTeX specials: \_
Flavors: r-devel-linux-x86_64-debian-clang, r-devel-linux-x86_64-debian-gcc, r-devel-linux-x86_64-fedora-clang, r-devel-linux-x86_64-fedora-gcc, r-devel-windows-x86_64, r-patched-linux-x86_64