CRAN Package Check Results for Package clue

Last updated on 2024-02-28 10:13:58 CET.

Flavor Version Tinstall Tcheck Ttotal Status Flags
r-devel-linux-x86_64-debian-clang 0.3-65 9.72 87.51 97.23 OK
r-devel-linux-x86_64-debian-gcc 0.3-65 7.70 66.13 73.83 OK
r-devel-linux-x86_64-fedora-clang 0.3-65 121.94 NOTE
r-devel-linux-x86_64-fedora-gcc 0.3-65 130.70 OK
r-devel-windows-x86_64 0.3-65 13.00 113.00 126.00 OK
r-patched-linux-x86_64 0.3-65 11.49 84.35 95.84 OK
r-release-linux-x86_64 0.3-65 9.88 83.96 93.84 OK
r-release-macos-arm64 0.3-65 63.00 OK
r-release-macos-x86_64 0.3-65 154.00 OK
r-release-windows-x86_64 0.3-65 15.00 118.00 133.00 OK
r-oldrel-macos-arm64 0.3-65 58.00 OK
r-oldrel-windows-x86_64 0.3-65 16.00 122.00 138.00 OK

Check Details

Version: 0.3-65
Check: Rd cross-references
Result: NOTE Undeclared packages ‘mlbench’, ‘fpc’ in Rd xrefs Flavor: r-devel-linux-x86_64-fedora-clang