CRAN Package Check Results for Package climatol

Last updated on 2022-01-17 09:55:53 CET.

Flavor Version Tinstall Tcheck Ttotal Status Flags
r-devel-linux-x86_64-debian-clang 3.1.2 6.34 95.94 102.28 OK
r-devel-linux-x86_64-debian-gcc 3.1.2 5.57 72.17 77.74 OK
r-devel-linux-x86_64-fedora-clang 3.1.2 124.16 OK
r-devel-linux-x86_64-fedora-gcc 3.1.2 115.18 OK
r-devel-windows-x86_64-new-UL 3.1.2 44.00 117.00 161.00 OK
r-devel-windows-x86_64-new-TK 3.1.2 OK
r-patched-linux-x86_64 3.1.2 7.22 93.11 100.33 OK
r-release-linux-x86_64 3.1.2 OK
r-release-macos-arm64 3.1.2 NOTE
r-release-macos-x86_64 3.1.2 OK
r-release-windows-ix86+x86_64 3.1.2 12.00 117.00 129.00 OK
r-oldrel-macos-x86_64 3.1.2 OK
r-oldrel-windows-ix86+x86_64 3.1.2 12.00 116.00 128.00 OK

Check Details

Version: 3.1.2
Check: package dependencies
Result: NOTE
    Package suggested but not available for checking: ‘RODBC’
Flavor: r-release-macos-arm64