Last updated on 2023-02-06 09:55:39 CET.
Flavor | Version | Tinstall | Tcheck | Ttotal | Status | Flags |
---|---|---|---|---|---|---|
r-devel-linux-x86_64-debian-clang | 1.5.0 | 74.43 | 26.90 | 101.33 | OK | |
r-devel-linux-x86_64-debian-gcc | 1.5.0 | 59.21 | 20.77 | 79.98 | OK | |
r-devel-linux-x86_64-fedora-clang | 1.5.0 | 176.07 | OK | |||
r-devel-linux-x86_64-fedora-gcc | 1.5.0 | 142.20 | OK | |||
r-devel-windows-x86_64 | 1.5.0 | 121.00 | 83.00 | 204.00 | OK | |
r-patched-linux-x86_64 | 1.5.0 | 58.42 | 26.71 | 85.13 | OK | |
r-release-linux-x86_64 | 1.5.0 | 58.68 | 27.65 | 86.33 | OK | |
r-release-macos-arm64 | 1.5.0 | 40.00 | NOTE | |||
r-release-macos-x86_64 | 1.5.0 | 54.00 | NOTE | |||
r-release-windows-x86_64 | 1.5.0 | 90.00 | 111.00 | 201.00 | OK | |
r-oldrel-macos-arm64 | 1.5.0 | 49.00 | NOTE | |||
r-oldrel-macos-x86_64 | 1.5.0 | 59.00 | NOTE | |||
r-oldrel-windows-ix86+x86_64 | 1.5.0 | 174.00 | 84.00 | 258.00 | OK |
Version: 1.5.0
Check: installed package size
Result: NOTE
installed size is 10.0Mb
sub-directories of 1Mb or more:
libs 9.9Mb
Flavors: r-release-macos-arm64, r-release-macos-x86_64, r-oldrel-macos-arm64, r-oldrel-macos-x86_64