Last updated on 2023-03-23 10:54:26 CET.
Flavor | Version | Tinstall | Tcheck | Ttotal | Status | Flags |
---|---|---|---|---|---|---|
r-devel-linux-x86_64-debian-clang | 0.7 | 5.61 | 136.54 | 142.15 | OK | |
r-devel-linux-x86_64-debian-gcc | 0.7 | 4.19 | 101.39 | 105.58 | OK | |
r-devel-linux-x86_64-fedora-clang | 0.7 | 183.62 | OK | |||
r-devel-linux-x86_64-fedora-gcc | 0.7 | 183.50 | OK | |||
r-devel-windows-x86_64 | 0.7 | 30.00 | 191.00 | 221.00 | OK | |
r-patched-linux-x86_64 | 0.7 | 6.65 | 129.25 | 135.90 | OK | |
r-release-linux-x86_64 | 0.7 | 3.83 | 127.10 | 130.93 | OK | |
r-release-macos-arm64 | 0.7 | 29.00 | NOTE | |||
r-release-macos-x86_64 | 0.7 | 85.00 | OK | |||
r-release-windows-x86_64 | 0.7 | 27.00 | 282.00 | 309.00 | OK | |
r-oldrel-macos-arm64 | 0.7 | 53.00 | NOTE | |||
r-oldrel-macos-x86_64 | 0.7 | 81.00 | NOTE | |||
r-oldrel-windows-ix86+x86_64 | 0.7 | 14.00 | 163.00 | 177.00 | OK |
Version: 0.7
Check: package dependencies
Result: NOTE
Packages suggested but not available for checking:
'Biobase', 'annotate', 'GO.db', 'moe430a.db'
Flavor: r-release-macos-arm64
Version: 0.7
Check: package dependencies
Result: NOTE
Packages suggested but not available for checking: 'GO.db', 'moe430a.db'
Flavors: r-oldrel-macos-arm64, r-oldrel-macos-x86_64