CRAN Package Check Results for Package ckanr

Last updated on 2022-05-27 10:53:43 CEST.

Flavor Version Tinstall Tcheck Ttotal Status Flags
r-devel-linux-x86_64-debian-clang 0.6.0 10.36 93.49 103.85 NOTE
r-devel-linux-x86_64-debian-gcc 0.6.0 8.70 69.45 78.15 NOTE
r-devel-linux-x86_64-fedora-clang 0.6.0 123.27 NOTE
r-devel-linux-x86_64-fedora-gcc 0.6.0 119.32 NOTE
r-devel-windows-x86_64 0.6.0 60.00 125.00 185.00 NOTE
r-patched-linux-x86_64 0.6.0 11.57 88.94 100.51 NOTE
r-release-linux-x86_64 0.6.0 11.52 87.52 99.04 NOTE
r-release-macos-arm64 0.6.0 31.00 NOTE
r-release-macos-x86_64 0.6.0 61.00 NOTE
r-release-windows-x86_64 0.6.0 74.00 119.00 193.00 NOTE
r-oldrel-macos-arm64 0.6.0 41.00 NOTE
r-oldrel-macos-x86_64 0.6.0 71.00 NOTE
r-oldrel-windows-ix86+x86_64 0.6.0 21.00 107.00 128.00 NOTE

Check Details

Version: 0.6.0
Check: LazyData
Result: NOTE
     'LazyData' is specified without a 'data' directory
Flavors: r-devel-linux-x86_64-debian-clang, r-devel-linux-x86_64-debian-gcc, r-devel-linux-x86_64-fedora-clang, r-devel-linux-x86_64-fedora-gcc, r-devel-windows-x86_64, r-patched-linux-x86_64, r-release-linux-x86_64, r-release-macos-arm64, r-release-macos-x86_64, r-release-windows-x86_64, r-oldrel-macos-arm64, r-oldrel-macos-x86_64, r-oldrel-windows-ix86+x86_64