CRAN Package Check Results for Package citationchaser

Last updated on 2022-12-06 10:51:48 CET.

Flavor Version Tinstall Tcheck Ttotal Status Flags
r-devel-linux-x86_64-debian-clang 0.0.4 13.04 112.09 125.13 OK
r-devel-linux-x86_64-debian-gcc 0.0.4 9.98 82.61 92.59 OK
r-devel-linux-x86_64-fedora-clang 0.0.4 168.85 NOTE
r-devel-linux-x86_64-fedora-gcc 0.0.4 159.61 NOTE
r-devel-windows-x86_64 0.0.4 41.00 127.00 168.00 OK
r-patched-linux-x86_64 0.0.4 11.62 103.58 115.20 OK
r-release-linux-x86_64 0.0.4 12.06 103.91 115.97 OK
r-release-macos-arm64 0.0.4 44.00 NOTE
r-release-macos-x86_64 0.0.4 72.00 NOTE
r-release-windows-x86_64 0.0.4 560.00 135.00 695.00 OK
r-oldrel-macos-arm64 0.0.4 29.00 NOTE
r-oldrel-macos-x86_64 0.0.4 57.00 NOTE
r-oldrel-windows-ix86+x86_64 0.0.4 33.00 125.00 158.00 OK

Check Details

Version: 0.0.4
Check: dependencies in R code
Result: NOTE
    Namespace in Imports field not imported from: ‘networkD3’
     All declared Imports should be used.
Flavors: r-devel-linux-x86_64-fedora-clang, r-devel-linux-x86_64-fedora-gcc, r-release-macos-arm64, r-release-macos-x86_64, r-oldrel-macos-arm64, r-oldrel-macos-x86_64