Last updated on 2023-03-20 09:49:22 CET.
Flavor | Version | Tinstall | Tcheck | Ttotal | Status | Flags |
---|---|---|---|---|---|---|
r-devel-linux-x86_64-debian-clang | 2.3.1 | NOTE | ||||
r-devel-linux-x86_64-debian-gcc | 2.3.1 | 10.72 | 26.87 | 37.59 | NOTE | |
r-devel-linux-x86_64-fedora-clang | 2.3.1 | 72.12 | NOTE | |||
r-devel-linux-x86_64-fedora-gcc | 2.3.1 | 58.86 | NOTE | |||
r-devel-windows-x86_64 | 2.3.1 | 13.00 | 85.00 | 98.00 | NOTE | |
r-patched-linux-x86_64 | 2.3.1 | 12.80 | 34.39 | 47.19 | OK | |
r-release-linux-x86_64 | 2.3.1 | 12.16 | 34.33 | 46.49 | OK | |
r-release-macos-arm64 | 2.3.1 | 23.00 | OK | |||
r-release-macos-x86_64 | 2.3.1 | 32.00 | OK | |||
r-release-windows-x86_64 | 2.3.1 | 21.00 | 80.00 | 101.00 | OK | |
r-oldrel-macos-arm64 | 2.3.1 | 33.00 | OK | |||
r-oldrel-macos-x86_64 | 2.3.1 | 43.00 | OK | |||
r-oldrel-windows-ix86+x86_64 | 2.3.1 | 34.00 | 92.00 | 126.00 | OK |
Version: 2.3.1
Check: C++ specification
Result: NOTE
Specified C++11: please drop specification unless essential
Flavors: r-devel-linux-x86_64-debian-clang, r-devel-linux-x86_64-debian-gcc, r-devel-linux-x86_64-fedora-clang, r-devel-linux-x86_64-fedora-gcc, r-devel-windows-x86_64