CRAN Package Check Results for Package cifti

Last updated on 2023-01-27 10:50:12 CET.

Flavor Version Tinstall Tcheck Ttotal Status Flags
r-devel-linux-x86_64-debian-clang 0.4.5 6.96 62.29 69.25 NOTE
r-devel-linux-x86_64-debian-gcc 0.4.5 4.98 46.96 51.94 NOTE
r-devel-linux-x86_64-fedora-clang 0.4.5 82.64 NOTE
r-devel-linux-x86_64-fedora-gcc 0.4.5 95.11 NOTE
r-devel-windows-x86_64 0.4.5 21.00 88.00 109.00 NOTE
r-patched-linux-x86_64 0.4.5 6.86 60.41 67.27 NOTE
r-release-linux-x86_64 0.4.5 6.41 60.02 66.43 NOTE
r-release-macos-arm64 0.4.5 27.00 NOTE
r-release-macos-x86_64 0.4.5 41.00 NOTE
r-release-windows-x86_64 0.4.5 21.00 91.00 112.00 NOTE
r-oldrel-macos-arm64 0.4.5 33.00 NOTE
r-oldrel-macos-x86_64 0.4.5 48.00 NOTE
r-oldrel-windows-ix86+x86_64 0.4.5 14.00 86.00 100.00 NOTE

Check Details

Version: 0.4.5
Check: LazyData
Result: NOTE
     'LazyData' is specified without a 'data' directory
Flavors: r-devel-linux-x86_64-debian-clang, r-devel-linux-x86_64-debian-gcc, r-devel-linux-x86_64-fedora-clang, r-devel-linux-x86_64-fedora-gcc, r-devel-windows-x86_64, r-patched-linux-x86_64, r-release-linux-x86_64, r-release-macos-arm64, r-release-macos-x86_64, r-release-windows-x86_64, r-oldrel-macos-arm64, r-oldrel-macos-x86_64, r-oldrel-windows-ix86+x86_64