CRAN Package Check Results for Package chunkhooks

Last updated on 2022-12-09 10:00:17 CET.

Flavor Version Tinstall Tcheck Ttotal Status Flags
r-devel-linux-x86_64-debian-clang 0.0.1 2.07 31.27 33.34 NOTE
r-devel-linux-x86_64-debian-gcc 0.0.1 1.65 24.63 26.28 NOTE
r-devel-linux-x86_64-fedora-clang 0.0.1 55.25 NOTE
r-devel-linux-x86_64-fedora-gcc 0.0.1 62.38 NOTE
r-devel-windows-x86_64 0.0.1 16.00 64.00 80.00 NOTE
r-patched-linux-x86_64 0.0.1 2.22 30.84 33.06 NOTE
r-release-linux-x86_64 0.0.1 2.08 28.04 30.12 NOTE
r-release-macos-arm64 0.0.1 20.00 NOTE
r-release-macos-x86_64 0.0.1 24.00 NOTE
r-release-windows-x86_64 0.0.1 13.00 76.00 89.00 NOTE
r-oldrel-macos-arm64 0.0.1 21.00 NOTE
r-oldrel-macos-x86_64 0.0.1 31.00 NOTE
r-oldrel-windows-ix86+x86_64 0.0.1 6.00 59.00 65.00 NOTE

Check Details

Version: 0.0.1
Check: LazyData
Result: NOTE
     'LazyData' is specified without a 'data' directory
Flavors: r-devel-linux-x86_64-debian-clang, r-devel-linux-x86_64-debian-gcc, r-devel-linux-x86_64-fedora-clang, r-devel-linux-x86_64-fedora-gcc, r-devel-windows-x86_64, r-patched-linux-x86_64, r-release-linux-x86_64, r-release-macos-arm64, r-release-macos-x86_64, r-release-windows-x86_64, r-oldrel-macos-arm64, r-oldrel-macos-x86_64, r-oldrel-windows-ix86+x86_64