Last updated on 2023-03-20 09:49:22 CET.
Flavor | Version | Tinstall | Tcheck | Ttotal | Status | Flags |
---|---|---|---|---|---|---|
r-devel-linux-x86_64-debian-clang | 4.1.1 | OK | ||||
r-devel-linux-x86_64-debian-gcc | 4.1.1 | 4.21 | 36.23 | 40.44 | OK | |
r-devel-linux-x86_64-fedora-clang | 4.1.1 | 64.06 | NOTE | |||
r-devel-linux-x86_64-fedora-gcc | 4.1.1 | 73.42 | NOTE | |||
r-devel-windows-x86_64 | 4.1.1 | 16.00 | 90.00 | 106.00 | OK | |
r-patched-linux-x86_64 | 4.1.1 | 5.35 | 46.27 | 51.62 | OK | |
r-release-linux-x86_64 | 4.1.1 | 5.94 | 46.22 | 52.16 | OK | |
r-release-macos-arm64 | 4.1.1 | 23.00 | NOTE | |||
r-release-macos-x86_64 | 4.1.1 | 33.00 | NOTE | |||
r-release-windows-x86_64 | 4.1.1 | 26.00 | 93.00 | 119.00 | OK | |
r-oldrel-macos-arm64 | 4.1.1 | 22.00 | NOTE | |||
r-oldrel-macos-x86_64 | 4.1.1 | 104.00 | NOTE | |||
r-oldrel-windows-ix86+x86_64 | 4.1.1 | 11.00 | 83.00 | 94.00 | OK |
Version: 4.1.1
Check: dependencies in R code
Result: NOTE
Namespace in Imports field not imported from: ‘htmltools’
All declared Imports should be used.
Flavors: r-devel-linux-x86_64-fedora-clang, r-devel-linux-x86_64-fedora-gcc, r-release-macos-arm64, r-release-macos-x86_64, r-oldrel-macos-arm64, r-oldrel-macos-x86_64