CRAN Package Check Results for Package chromConverter

Last updated on 2024-07-13 10:48:40 CEST.

Flavor Version Tinstall Tcheck Ttotal Status Flags
r-devel-linux-x86_64-debian-clang 0.2.1 11.81 102.68 114.49 NOTE
r-devel-linux-x86_64-debian-gcc 0.2.1 9.29 75.84 85.13 NOTE
r-devel-linux-x86_64-fedora-clang 0.2.1 146.91 NOTE
r-devel-linux-x86_64-fedora-gcc 0.2.1 136.88 NOTE
r-devel-windows-x86_64 0.2.1 11.00 124.00 135.00 NOTE
r-patched-linux-x86_64 0.2.1 11.43 95.69 107.12 NOTE
r-release-linux-x86_64 0.2.1 7.33 98.01 105.34 NOTE
r-release-macos-arm64 0.2.1 47.00 NOTE
r-release-macos-x86_64 0.2.1 66.00 NOTE
r-release-windows-x86_64 0.2.1 12.00 129.00 141.00 NOTE
r-oldrel-macos-arm64 0.2.1 43.00 NOTE
r-oldrel-macos-x86_64 0.2.1 62.00 NOTE
r-oldrel-windows-x86_64 0.2.1 14.00 122.00 136.00 NOTE

Check Details

Version: 0.2.1
Check: package dependencies
Result: NOTE Package suggested but not available for checking: ‘entab’ Flavors: r-devel-linux-x86_64-debian-clang, r-devel-linux-x86_64-debian-gcc, r-devel-linux-x86_64-fedora-clang, r-devel-linux-x86_64-fedora-gcc, r-devel-windows-x86_64, r-patched-linux-x86_64, r-release-linux-x86_64, r-release-macos-arm64, r-release-macos-x86_64, r-release-windows-x86_64, r-oldrel-windows-x86_64

Version: 0.2.1
Check: dependencies in R code
Result: NOTE Namespace in Imports field not imported from: ‘readr’ All declared Imports should be used. Flavors: r-devel-linux-x86_64-fedora-clang, r-devel-linux-x86_64-fedora-gcc

Version: 0.2.1
Check: package dependencies
Result: NOTE Packages suggested but not available for checking: 'entab', 'mzR' Flavors: r-oldrel-macos-arm64, r-oldrel-macos-x86_64