CRAN Package Check Results for Package chess

Last updated on 2022-12-08 10:53:16 CET.

Flavor Version Tinstall Tcheck Ttotal Status Flags
r-devel-linux-x86_64-debian-clang 1.0.1 7.21 83.90 91.11 NOTE
r-devel-linux-x86_64-debian-gcc 1.0.1 4.92 64.34 69.26 NOTE
r-devel-linux-x86_64-fedora-clang 1.0.1 126.96 NOTE
r-devel-linux-x86_64-fedora-gcc 1.0.1 132.23 NOTE
r-devel-windows-x86_64 1.0.1 23.00 117.00 140.00 NOTE
r-patched-linux-x86_64 1.0.1 7.22 77.69 84.91 NOTE
r-release-linux-x86_64 1.0.1 7.42 76.64 84.06 NOTE
r-release-macos-arm64 1.0.1 32.00 NOTE
r-release-macos-x86_64 1.0.1 52.00 NOTE
r-release-windows-x86_64 1.0.1 34.00 113.00 147.00 NOTE
r-oldrel-macos-arm64 1.0.1 35.00 NOTE
r-oldrel-macos-x86_64 1.0.1 73.00 NOTE
r-oldrel-windows-ix86+x86_64 1.0.1 17.00 107.00 124.00 NOTE

Check Details

Version: 1.0.1
Check: LazyData
Result: NOTE
     'LazyData' is specified without a 'data' directory
Flavors: r-devel-linux-x86_64-debian-clang, r-devel-linux-x86_64-debian-gcc, r-devel-linux-x86_64-fedora-clang, r-devel-linux-x86_64-fedora-gcc, r-devel-windows-x86_64, r-patched-linux-x86_64, r-release-linux-x86_64, r-release-macos-arm64, r-release-macos-x86_64, r-release-windows-x86_64, r-oldrel-macos-arm64, r-oldrel-macos-x86_64, r-oldrel-windows-ix86+x86_64