CRAN Package Check Results for Package chemometrics

Last updated on 2023-03-24 10:54:02 CET.

Flavor Version Tinstall Tcheck Ttotal Status Flags
r-devel-linux-x86_64-debian-clang 1.4.2 5.68 142.14 147.82 NOTE
r-devel-linux-x86_64-debian-gcc 1.4.2 5.72 107.39 113.11 NOTE
r-devel-linux-x86_64-fedora-clang 1.4.2 188.13 NOTE
r-devel-linux-x86_64-fedora-gcc 1.4.2 192.75 NOTE
r-devel-windows-x86_64 1.4.2 95.00 240.00 335.00 NOTE
r-patched-linux-x86_64 1.4.2 10.27 142.05 152.32 NOTE
r-release-linux-x86_64 1.4.2 7.92 145.42 153.34 NOTE
r-release-macos-arm64 1.4.2 55.00 OK
r-release-macos-x86_64 1.4.2 93.00 OK
r-release-windows-x86_64 1.4.2 80.00 237.00 317.00 OK
r-oldrel-macos-arm64 1.4.2 69.00 OK
r-oldrel-macos-x86_64 1.4.2 138.00 OK
r-oldrel-windows-ix86+x86_64 1.4.2 13.00 183.00 196.00 OK

Check Details

Version: 1.4.2
Check: Rd files
Result: NOTE
    checkRd: (-1) hyptis.Rd:31: Escaped LaTeX specials: \&
Flavors: r-devel-linux-x86_64-debian-clang, r-devel-linux-x86_64-debian-gcc, r-devel-linux-x86_64-fedora-clang, r-devel-linux-x86_64-fedora-gcc, r-devel-windows-x86_64

Version: 1.4.2
Check: for non-standard things in the check directory
Result: NOTE
    Found the following files/directories:
     ‘stepres00.txt’
Flavors: r-devel-linux-x86_64-debian-clang, r-devel-linux-x86_64-debian-gcc, r-devel-linux-x86_64-fedora-clang, r-devel-linux-x86_64-fedora-gcc, r-patched-linux-x86_64, r-release-linux-x86_64