CRAN Package Check Results for Package cepreader

Last updated on 2022-11-26 10:00:38 CET.

Flavor Version Tinstall Tcheck Ttotal Status Flags
r-devel-linux-x86_64-debian-clang 1.2-1 7.63 61.72 69.35 OK
r-devel-linux-x86_64-debian-gcc 1.2-1 6.60 48.62 55.22 OK
r-devel-linux-x86_64-fedora-clang 1.2-1 98.53 NOTE
r-devel-windows-x86_64 1.2-1 15.00 85.00 100.00 OK
r-patched-linux-x86_64 1.2-1 OK
r-release-linux-x86_64 1.2-1 5.71 60.38 66.09 OK
r-release-macos-arm64 1.2-1 29.00 OK
r-release-macos-x86_64 1.2-1 41.00 OK
r-release-windows-x86_64 1.2-1 17.00 86.00 103.00 OK
r-oldrel-macos-arm64 1.2-1 33.00 OK
r-oldrel-macos-x86_64 1.2-1 37.00 OK
r-oldrel-windows-ix86+x86_64 1.2-1 14.00 82.00 96.00 OK

Check Details

Version: 1.2-1
Check: Rd cross-references
Result: NOTE
    Undeclared package ‘vegan’ in Rd xrefs
Flavor: r-devel-linux-x86_64-fedora-clang