CRAN Package Check Results for Package cellWise

Last updated on 2022-12-06 10:51:47 CET.

Flavor Version Tinstall Tcheck Ttotal Status Flags
r-devel-linux-x86_64-debian-clang 2.4.0 144.42 300.35 444.77 OK
r-devel-linux-x86_64-debian-gcc 2.4.0 115.62 216.81 332.43 OK
r-devel-linux-x86_64-fedora-clang 2.4.0 603.47 NOTE
r-devel-linux-x86_64-fedora-gcc 2.4.0 577.15 OK
r-devel-windows-x86_64 2.4.0 133.00 358.00 491.00 NOTE
r-patched-linux-x86_64 2.4.0 130.99 280.87 411.86 OK
r-release-linux-x86_64 2.4.0 125.86 266.41 392.27 OK
r-release-macos-arm64 2.4.0 142.00 NOTE
r-release-macos-x86_64 2.4.0 203.00 NOTE
r-release-windows-x86_64 2.4.0 138.00 363.00 501.00 NOTE
r-oldrel-macos-arm64 2.4.0 131.00 NOTE
r-oldrel-macos-x86_64 2.4.0 214.00 NOTE
r-oldrel-windows-ix86+x86_64 2.4.0 332.00 349.00 681.00 NOTE

Check Details

Version: 2.4.0
Check: installed package size
Result: NOTE
     installed size is 7.0Mb
     sub-directories of 1Mb or more:
     data 3.2Mb
     doc 2.4Mb
     libs 1.0Mb
Flavors: r-devel-linux-x86_64-fedora-clang, r-devel-windows-x86_64, r-release-macos-arm64, r-release-macos-x86_64, r-release-windows-x86_64, r-oldrel-macos-arm64, r-oldrel-macos-x86_64, r-oldrel-windows-ix86+x86_64