CRAN Package Check Results for Package ccdR

Last updated on 2024-07-23 10:55:59 CEST.

Flavor Version Tinstall Tcheck Ttotal Status Flags
r-devel-linux-x86_64-debian-clang 1.1.0 13.12 104.35 117.47 OK
r-devel-linux-x86_64-debian-gcc 1.1.0 7.73 77.82 85.55 OK
r-devel-linux-x86_64-fedora-clang 1.1.0 144.66 OK
r-devel-linux-x86_64-fedora-gcc 1.1.0 150.01 OK
r-devel-windows-x86_64 1.1.0 12.00 122.00 134.00 OK
r-patched-linux-x86_64 1.1.0 9.14 97.32 106.46 OK
r-release-linux-x86_64 1.1.0 7.55 98.46 106.01 OK
r-release-macos-arm64 1.1.0 70.00 OK
r-release-macos-x86_64 1.1.0 149.00 OK
r-release-windows-x86_64 1.1.0 11.00 126.00 137.00 OK
r-oldrel-macos-arm64 1.1.0 83.00 ERROR
r-oldrel-macos-x86_64 1.1.0 126.00 ERROR
r-oldrel-windows-x86_64 1.1.0 13.00 137.00 150.00 OK

Check Details

Version: 1.1.0
Check: running R code from vignettes
Result: ERROR Errors in running code in vignettes: when running code in ‘Introduction.Rmd’ ... 4: DTXSID7020182 oral 5: DTXSID7020182 oral 6: DTXSID7020182 oral > bpa_bioactivity <- get_bioactivity_details(DTXSID = "DTXSID7020182", + API_key = my_key) When sourcing ‘Introduction.R’: Error: GET https://api-ccte.epa.gov/bioactivity/data/search/by-dtxsid/DTXSID7020182 (bioactivity/data/search/by-dtxsid/DTXSID7020182.json) Execution halted ‘Bioactivity.Rmd’ using ‘UTF-8’... [2s/2s] OK ‘Chemical.Rmd’ using ‘UTF-8’... [2s/2s] OK ‘Exposure.Rmd’ using ‘UTF-8’... [1s/1s] OK ‘Hazard.Rmd’ using ‘UTF-8’... [1s/1s] OK ‘Introduction.Rmd’ using ‘UTF-8’... failed Flavor: r-oldrel-macos-arm64

Version: 1.1.0
Check: running R code from vignettes
Result: ERROR Errors in running code in vignettes: when running code in ‘Introduction.Rmd’ ... 4: DTXSID7020182 oral 5: DTXSID7020182 oral 6: DTXSID7020182 oral > bpa_bioactivity <- get_bioactivity_details(DTXSID = "DTXSID7020182", + API_key = my_key) When sourcing ‘Introduction.R’: Error: GET https://api-ccte.epa.gov/bioactivity/data/search/by-dtxsid/DTXSID7020182 (bioactivity/data/search/by-dtxsid/DTXSID7020182.json) Execution halted ‘Bioactivity.Rmd’ using ‘UTF-8’... [3s/4s] OK ‘Chemical.Rmd’ using ‘UTF-8’... [3s/4s] OK ‘Exposure.Rmd’ using ‘UTF-8’... [1s/1s] OK ‘Hazard.Rmd’ using ‘UTF-8’... [1s/2s] OK ‘Introduction.Rmd’ using ‘UTF-8’... failed Flavor: r-oldrel-macos-x86_64