CRAN Package Check Results for Package cccd

Last updated on 2022-01-16 10:48:26 CET.

Flavor Version Tinstall Tcheck Ttotal Status Flags
r-devel-linux-x86_64-debian-clang 1.5 3.86 46.87 50.73 NOTE
r-devel-linux-x86_64-debian-gcc 1.5 2.94 40.54 43.48 NOTE
r-devel-linux-x86_64-fedora-clang 1.5 67.49 NOTE
r-devel-linux-x86_64-fedora-gcc 1.5 52.69 NOTE
r-devel-windows-x86_64-new-UL 1.5 18.00 69.00 87.00 NOTE
r-devel-windows-x86_64-new-TK 1.5 NOTE
r-patched-linux-x86_64 1.5 3.18 46.25 49.43 NOTE
r-release-linux-x86_64 1.5 NOTE
r-release-macos-arm64 1.5 NOTE
r-release-macos-x86_64 1.5 NOTE
r-release-windows-ix86+x86_64 1.5 7.00 57.00 64.00 NOTE
r-oldrel-macos-x86_64 1.5 NOTE
r-oldrel-windows-ix86+x86_64 1.5 7.00 59.00 66.00 NOTE

Check Details

Version: 1.5
Check: R code for possible problems
Result: NOTE
    ccd.sequential: no visible global function definition for 'qchisq'
    dominate.random.sample: no visible global function definition for
     'runif'
    draw.circle: no visible global function definition for 'polygon'
    juggle2: no visible global function definition for 'rbinom'
    plot.cccd: no visible global function definition for 'gray'
    plot.cccd: no visible global function definition for 'points'
    plot.cccdClassifier: no visible global function definition for 'points'
    Undefined global functions or variables:
     gray points polygon qchisq rbinom runif
    Consider adding
     importFrom("grDevices", "gray")
     importFrom("graphics", "points", "polygon")
     importFrom("stats", "qchisq", "rbinom", "runif")
    to your NAMESPACE file.
Flavors: r-devel-linux-x86_64-debian-clang, r-devel-linux-x86_64-debian-gcc, r-devel-linux-x86_64-fedora-clang, r-devel-linux-x86_64-fedora-gcc, r-devel-windows-x86_64-new-UL, r-devel-windows-x86_64-new-TK, r-patched-linux-x86_64, r-release-linux-x86_64, r-release-macos-arm64, r-release-macos-x86_64, r-release-windows-ix86+x86_64, r-oldrel-macos-x86_64, r-oldrel-windows-ix86+x86_64