CRAN Package Check Results for Package ccTensor

Last updated on 2022-01-23 09:58:22 CET.

Flavor Version Tinstall Tcheck Ttotal Status Flags
r-devel-linux-x86_64-debian-clang 1.0.2 2.97 48.58 51.55 OK
r-devel-linux-x86_64-debian-gcc 1.0.2 2.64 42.74 45.38 OK
r-devel-linux-x86_64-fedora-clang 1.0.2 64.83 NOTE
r-devel-linux-x86_64-fedora-gcc 1.0.2 54.61 NOTE
r-devel-windows-x86_64-new-UL 1.0.2 19.00 68.00 87.00 OK
r-devel-windows-x86_64-new-TK 1.0.2 NOTE
r-patched-linux-x86_64 1.0.2 2.57 47.13 49.70 OK
r-release-linux-x86_64 1.0.2 2.16 47.05 49.21 OK
r-release-macos-arm64 1.0.2 NOTE
r-release-macos-x86_64 1.0.2 NOTE
r-release-windows-ix86+x86_64 1.0.2 9.00 60.00 69.00 OK

Check Details

Version: 1.0.2
Check: dependencies in R code
Result: NOTE
    Namespace in Imports field not imported from: ‘fields’
     All declared Imports should be used.
Flavors: r-devel-linux-x86_64-fedora-clang, r-devel-linux-x86_64-fedora-gcc, r-devel-windows-x86_64-new-TK, r-release-macos-arm64, r-release-macos-x86_64