Last updated on 2023-03-21 10:52:09 CET.
Flavor | Version | Tinstall | Tcheck | Ttotal | Status | Flags |
---|---|---|---|---|---|---|
r-devel-linux-x86_64-debian-clang | 1.0.3 | 18.47 | 127.16 | 145.63 | OK | |
r-devel-linux-x86_64-debian-gcc | 1.0.3 | 16.00 | 95.14 | 111.14 | OK | |
r-devel-linux-x86_64-fedora-clang | 1.0.3 | 179.80 | NOTE | |||
r-devel-linux-x86_64-fedora-gcc | 1.0.3 | 171.21 | NOTE | |||
r-devel-windows-x86_64 | 1.0.3 | 50.00 | 145.00 | 195.00 | OK | |
r-patched-linux-x86_64 | 1.0.3 | 17.28 | 113.42 | 130.70 | OK | |
r-release-linux-x86_64 | 1.0.3 | 16.73 | 117.88 | 134.61 | OK | |
r-release-macos-arm64 | 1.0.3 | 40.00 | NOTE | |||
r-release-macos-x86_64 | 1.0.3 | 65.00 | NOTE | |||
r-release-windows-x86_64 | 1.0.3 | 45.00 | 146.00 | 191.00 | OK | |
r-oldrel-macos-arm64 | 1.0.3 | 44.00 | NOTE | |||
r-oldrel-macos-x86_64 | 1.0.3 | 67.00 | NOTE | |||
r-oldrel-windows-ix86+x86_64 | 1.0.3 | 36.00 | 141.00 | 177.00 | OK |
Version: 1.0.3
Check: data for non-ASCII characters
Result: NOTE
Note: found 1 marked UTF-8 string
Flavors: r-devel-linux-x86_64-fedora-clang, r-devel-linux-x86_64-fedora-gcc, r-release-macos-arm64, r-release-macos-x86_64, r-oldrel-macos-arm64, r-oldrel-macos-x86_64