CRAN Package Check Results for Package catseyes

Last updated on 2022-12-05 09:51:14 CET.

Flavor Version Tinstall Tcheck Ttotal Status Flags
r-devel-linux-x86_64-debian-clang 0.2.5 2.29 22.89 25.18 NOTE
r-devel-linux-x86_64-debian-gcc 0.2.5 1.78 17.81 19.59 NOTE
r-devel-linux-x86_64-fedora-clang 0.2.5 45.66 NOTE
r-devel-linux-x86_64-fedora-gcc 0.2.5 43.17 NOTE
r-devel-windows-x86_64 0.2.5 12.00 51.00 63.00 NOTE
r-patched-linux-x86_64 0.2.5 2.28 21.82 24.10 NOTE
r-release-linux-x86_64 0.2.5 2.19 23.56 25.75 NOTE
r-release-macos-arm64 0.2.5 16.00 NOTE
r-release-macos-x86_64 0.2.5 25.00 NOTE
r-release-windows-x86_64 0.2.5 9.00 49.00 58.00 NOTE
r-oldrel-macos-arm64 0.2.5 27.00 NOTE
r-oldrel-macos-x86_64 0.2.5 30.00 NOTE
r-oldrel-windows-ix86+x86_64 0.2.5 5.00 45.00 50.00 NOTE

Check Details

Version: 0.2.5
Check: LazyData
Result: NOTE
     'LazyData' is specified without a 'data' directory
Flavors: r-devel-linux-x86_64-debian-clang, r-devel-linux-x86_64-debian-gcc, r-devel-linux-x86_64-fedora-clang, r-devel-linux-x86_64-fedora-gcc, r-devel-windows-x86_64, r-patched-linux-x86_64, r-release-linux-x86_64, r-release-macos-arm64, r-release-macos-x86_64, r-release-windows-x86_64, r-oldrel-macos-arm64, r-oldrel-macos-x86_64, r-oldrel-windows-ix86+x86_64