CRAN Package Check Results for Package catdata

Last updated on 2022-09-25 09:51:35 CEST.

Flavor Version Tinstall Tcheck Ttotal Status Flags
r-devel-linux-x86_64-debian-clang 1.2.2 3.60 410.57 414.17 NOTE
r-devel-linux-x86_64-debian-gcc 1.2.2 2.60 305.72 308.32 NOTE
r-devel-linux-x86_64-fedora-clang 1.2.2 499.44 NOTE
r-devel-linux-x86_64-fedora-gcc 1.2.2 490.27 NOTE
r-devel-windows-x86_64 1.2.2 57.00 997.00 1054.00 NOTE
r-patched-linux-x86_64 1.2.2 3.85 395.49 399.34 NOTE
r-release-linux-x86_64 1.2.2 3.24 380.60 383.84 NOTE
r-release-macos-arm64 1.2.2 255.00 NOTE
r-release-macos-x86_64 1.2.2 601.00 NOTE
r-release-windows-x86_64 1.2.2 57.00 1130.00 1187.00 NOTE
r-oldrel-macos-arm64 1.2.2 252.00 NOTE
r-oldrel-macos-x86_64 1.2.2 716.00 NOTE
r-oldrel-windows-ix86+x86_64 1.2.2 11.00 407.00 418.00 OK

Check Details

Version: 1.2.2
Check: package dependencies
Result: NOTE
    Package suggested but not available for checking: 'GAMBoost'
Flavors: r-devel-linux-x86_64-debian-clang, r-devel-linux-x86_64-debian-gcc, r-devel-linux-x86_64-fedora-clang, r-devel-linux-x86_64-fedora-gcc, r-devel-windows-x86_64, r-patched-linux-x86_64, r-release-linux-x86_64, r-release-macos-arm64, r-release-macos-x86_64, r-release-windows-x86_64, r-oldrel-macos-arm64, r-oldrel-macos-x86_64