CRAN Package Check Results for Package cartography

Last updated on 2021-11-29 09:52:33 CET.

Flavor Version Tinstall Tcheck Ttotal Status Flags
r-devel-linux-x86_64-debian-clang 3.0.1 OK
r-devel-linux-x86_64-debian-gcc 3.0.1 18.28 186.24 204.52 OK
r-devel-linux-x86_64-fedora-clang 3.0.1 399.63 OK
r-devel-linux-x86_64-fedora-gcc 3.0.1 384.93 OK
r-devel-windows-x86_64-new-UL 3.0.1 45.00 384.00 429.00 OK
r-devel-windows-x86_64-new-TK 3.0.1 OK
r-devel-windows-x86_64-old 3.0.1 28.00 342.00 370.00 OK
r-patched-linux-x86_64 3.0.1 28.94 240.01 268.95 OK
r-patched-solaris-x86 3.0.1 305.60 OK
r-release-linux-x86_64 3.0.1 22.52 241.28 263.80 OK
r-release-macos-arm64 3.0.1 OK
r-release-macos-x86_64 3.0.1 OK
r-release-windows-ix86+x86_64 3.0.1 57.00 554.00 611.00 NOTE
r-oldrel-macos-x86_64 3.0.1 OK
r-oldrel-windows-ix86+x86_64 3.0.1 41.00 610.00 651.00 NOTE

Check Details

Version: 3.0.1
Check: installed package size
Result: NOTE
     installed size is 5.3Mb
     sub-directories of 1Mb or more:
     data 1.2Mb
     doc 1.1Mb
     libs 2.0Mb
Flavors: r-release-windows-ix86+x86_64, r-oldrel-windows-ix86+x86_64