CRAN Package Check Results for Package card

Last updated on 2022-12-07 10:49:54 CET.

Flavor Version Tinstall Tcheck Ttotal Status Flags
r-devel-linux-x86_64-debian-clang 0.1.0 13.58 144.95 158.53 NOTE
r-devel-linux-x86_64-debian-gcc 0.1.0 9.37 107.90 117.27 NOTE
r-devel-linux-x86_64-fedora-clang 0.1.0 207.05 NOTE
r-devel-linux-x86_64-fedora-gcc 0.1.0 205.46 NOTE
r-devel-windows-x86_64 0.1.0 43.00 173.00 216.00 NOTE
r-patched-linux-x86_64 0.1.0 7.30 135.52 142.82 OK
r-release-linux-x86_64 0.1.0 7.60 132.03 139.63 OK
r-release-macos-arm64 0.1.0 53.00 NOTE
r-release-macos-x86_64 0.1.0 89.00 NOTE
r-release-windows-x86_64 0.1.0 41.00 167.00 208.00 OK
r-oldrel-macos-arm64 0.1.0 117.00 NOTE
r-oldrel-macos-x86_64 0.1.0 100.00 NOTE
r-oldrel-windows-ix86+x86_64 0.1.0 26.00 163.00 189.00 OK

Check Details

Version: 0.1.0
Check: package subdirectories
Result: NOTE
    Problems with news in 'NEWS.md':
    No news entries found.
Flavors: r-devel-linux-x86_64-debian-clang, r-devel-linux-x86_64-debian-gcc, r-devel-linux-x86_64-fedora-clang, r-devel-linux-x86_64-fedora-gcc, r-devel-windows-x86_64

Version: 0.1.0
Check: dependencies in R code
Result: NOTE
    Namespaces in Imports field not imported from:
     ‘Hmisc’ ‘methods’ ‘readr’ ‘recipes’ ‘sf’ ‘stringr’ ‘utils’
     All declared Imports should be used.
Flavors: r-devel-linux-x86_64-fedora-clang, r-devel-linux-x86_64-fedora-gcc, r-release-macos-arm64, r-release-macos-x86_64, r-oldrel-macos-arm64, r-oldrel-macos-x86_64