CRAN Package Check Results for Package carat

Last updated on 2022-11-26 10:00:38 CET.

Flavor Version Tinstall Tcheck Ttotal Status Flags
r-devel-linux-x86_64-debian-clang 2.0.2 93.00 91.89 184.89 OK
r-devel-linux-x86_64-debian-gcc 2.0.2 70.34 67.46 137.80 OK
r-devel-linux-x86_64-fedora-clang 2.0.2 253.57 OK
r-devel-windows-x86_64 2.0.2 79.00 142.00 221.00 OK
r-patched-linux-x86_64 2.0.2 OK
r-release-linux-x86_64 2.0.2 76.15 83.29 159.44 OK
r-release-macos-arm64 2.0.2 63.00 NOTE
r-release-macos-x86_64 2.0.2 99.00 NOTE
r-release-windows-x86_64 2.0.2 81.00 140.00 221.00 OK
r-oldrel-macos-arm64 2.0.2 70.00 NOTE
r-oldrel-macos-x86_64 2.0.2 74.00 NOTE
r-oldrel-windows-ix86+x86_64 2.0.2 185.00 151.00 336.00 OK

Check Details

Version: 2.0.2
Check: installed package size
Result: NOTE
     installed size is 9.7Mb
     sub-directories of 1Mb or more:
     libs 9.3Mb
Flavors: r-release-macos-arm64, r-release-macos-x86_64, r-oldrel-macos-arm64, r-oldrel-macos-x86_64