Last updated on 2023-03-24 10:54:02 CET.
Flavor | Version | Tinstall | Tcheck | Ttotal | Status | Flags |
---|---|---|---|---|---|---|
r-devel-linux-x86_64-debian-clang | 2.2.0 | 61.85 | 513.94 | 575.79 | OK | |
r-devel-linux-x86_64-debian-gcc | 2.2.0 | 52.28 | 379.10 | 431.38 | OK | |
r-devel-linux-x86_64-fedora-clang | 2.2.0 | 704.59 | NOTE | |||
r-devel-linux-x86_64-fedora-gcc | 2.2.0 | 679.64 | OK | |||
r-devel-windows-x86_64 | 2.2.0 | 1863.00 | 505.00 | 2368.00 | NOTE | |
r-patched-linux-x86_64 | 2.2.0 | 62.06 | 424.38 | 486.44 | OK | |
r-release-linux-x86_64 | 2.2.0 | 61.80 | 467.71 | 529.51 | OK | |
r-release-macos-arm64 | 2.2.0 | 125.00 | NOTE | |||
r-release-macos-x86_64 | 2.2.0 | 181.00 | NOTE | |||
r-release-windows-x86_64 | 2.2.0 | 1202.00 | 440.00 | 1642.00 | NOTE | |
r-oldrel-macos-arm64 | 2.2.0 | 116.00 | NOTE | |||
r-oldrel-macos-x86_64 | 2.2.0 | 175.00 | NOTE | |||
r-oldrel-windows-ix86+x86_64 | 2.2.0 | 110.00 | 470.00 | 580.00 | NOTE |
Version: 2.2.0
Check: package dependencies
Result: NOTE
Package suggested but not available for checking: ‘tesseract’
Flavor: r-devel-linux-x86_64-fedora-clang
Version: 2.2.0
Check: installed package size
Result: NOTE
installed size is 7.3Mb
sub-directories of 1Mb or more:
doc 2.2Mb
pictures 4.2Mb
Flavors: r-devel-linux-x86_64-fedora-clang, r-devel-windows-x86_64, r-release-macos-arm64, r-release-macos-x86_64, r-release-windows-x86_64, r-oldrel-macos-arm64, r-oldrel-macos-x86_64, r-oldrel-windows-ix86+x86_64
Version: 2.2.0
Check: Rd cross-references
Result: NOTE
Undeclared package ‘plotrix’ in Rd xrefs
Flavor: r-devel-linux-x86_64-fedora-clang
Version: 2.2.0
Check: dependencies in R code
Result: NOTE
Initiating curl with CURL_SSL_BACKEND: openssl
Flavor: r-oldrel-windows-ix86+x86_64