CRAN Package Check Results for Package camsRad

Last updated on 2022-12-08 10:53:16 CET.

Flavor Version Tinstall Tcheck Ttotal Status Flags
r-devel-linux-x86_64-debian-clang 0.3.0 1.91 26.71 28.62 NOTE
r-devel-linux-x86_64-debian-gcc 0.3.0 1.78 20.71 22.49 NOTE
r-devel-linux-x86_64-fedora-clang 0.3.0 47.94 NOTE
r-devel-linux-x86_64-fedora-gcc 0.3.0 55.70 NOTE
r-devel-windows-x86_64 0.3.0 11.00 56.00 67.00 NOTE
r-patched-linux-x86_64 0.3.0 2.30 25.77 28.07 NOTE
r-release-linux-x86_64 0.3.0 2.10 25.68 27.78 NOTE
r-release-macos-arm64 0.3.0 16.00 NOTE
r-release-macos-x86_64 0.3.0 23.00 NOTE
r-release-windows-x86_64 0.3.0 8.00 57.00 65.00 NOTE
r-oldrel-macos-arm64 0.3.0 23.00 NOTE
r-oldrel-macos-x86_64 0.3.0 29.00 NOTE
r-oldrel-windows-ix86+x86_64 0.3.0 6.00 50.00 56.00 NOTE

Check Details

Version: 0.3.0
Check: LazyData
Result: NOTE
     'LazyData' is specified without a 'data' directory
Flavors: r-devel-linux-x86_64-debian-clang, r-devel-linux-x86_64-debian-gcc, r-devel-linux-x86_64-fedora-clang, r-devel-linux-x86_64-fedora-gcc, r-devel-windows-x86_64, r-patched-linux-x86_64, r-release-linux-x86_64, r-release-macos-arm64, r-release-macos-x86_64, r-release-windows-x86_64, r-oldrel-macos-arm64, r-oldrel-macos-x86_64, r-oldrel-windows-ix86+x86_64