CRAN Package Check Results for Package calendR

Last updated on 2022-12-07 10:49:54 CET.

Flavor Version Tinstall Tcheck Ttotal Status Flags
r-devel-linux-x86_64-debian-clang 1.1 9.21 74.23 83.44 NOTE
r-devel-linux-x86_64-debian-gcc 1.1 6.81 54.42 61.23 NOTE
r-devel-linux-x86_64-fedora-clang 1.1 112.11 NOTE
r-devel-linux-x86_64-fedora-gcc 1.1 105.75 NOTE
r-devel-windows-x86_64 1.1 12.00 93.00 105.00 NOTE
r-patched-linux-x86_64 1.1 7.81 68.39 76.20 NOTE
r-release-linux-x86_64 1.1 8.73 69.74 78.47 NOTE
r-release-macos-arm64 1.1 30.00 NOTE
r-release-macos-x86_64 1.1 60.00 NOTE
r-release-windows-x86_64 1.1 15.00 97.00 112.00 NOTE
r-oldrel-macos-arm64 1.1 32.00 NOTE
r-oldrel-macos-x86_64 1.1 43.00 NOTE
r-oldrel-windows-ix86+x86_64 1.1 20.00 90.00 110.00 NOTE

Check Details

Version: 1.1
Check: LazyData
Result: NOTE
     'LazyData' is specified without a 'data' directory
Flavors: r-devel-linux-x86_64-debian-clang, r-devel-linux-x86_64-debian-gcc, r-devel-linux-x86_64-fedora-clang, r-devel-linux-x86_64-fedora-gcc, r-devel-windows-x86_64, r-patched-linux-x86_64, r-release-linux-x86_64, r-release-macos-arm64, r-release-macos-x86_64, r-release-windows-x86_64, r-oldrel-macos-arm64, r-oldrel-macos-x86_64, r-oldrel-windows-ix86+x86_64