Last updated on 2023-03-31 09:54:03 CEST.
Flavor | Version | Tinstall | Tcheck | Ttotal | Status | Flags |
---|---|---|---|---|---|---|
r-devel-linux-x86_64-debian-clang | 1.0.0 | 172.35 | 64.98 | 237.33 | NOTE | |
r-devel-linux-x86_64-debian-gcc | 1.0.0 | 144.75 | 50.72 | 195.47 | NOTE | |
r-devel-linux-x86_64-fedora-clang | 1.0.0 | 367.51 | NOTE | |||
r-devel-linux-x86_64-fedora-gcc | 1.0.0 | 348.84 | NOTE | |||
r-devel-windows-x86_64 | 1.0.0 | 176.00 | 0.00 | 176.00 | NOTE | |
r-patched-linux-x86_64 | 1.0.0 | 152.61 | 63.54 | 216.15 | NOTE | |
r-release-linux-x86_64 | 1.0.0 | 153.25 | 62.04 | 215.29 | OK | |
r-release-macos-arm64 | 1.0.0 | 102.00 | NOTE | |||
r-release-macos-x86_64 | 1.0.0 | 112.00 | NOTE | |||
r-release-windows-x86_64 | 1.0.0 | 166.00 | 128.00 | 294.00 | OK | |
r-oldrel-macos-arm64 | 1.0.0 | 94.00 | NOTE | |||
r-oldrel-macos-x86_64 | 1.0.0 | 115.00 | NOTE | |||
r-oldrel-windows-ix86+x86_64 | 1.0.0 | 413.00 | 154.00 | 567.00 | ERROR |
Version: 1.0.0
Check: C++ specification
Result: NOTE
Specified C++11: please drop specification unless essential
Flavors: r-devel-linux-x86_64-debian-clang, r-devel-linux-x86_64-debian-gcc, r-devel-linux-x86_64-fedora-clang, r-devel-linux-x86_64-fedora-gcc, r-devel-windows-x86_64, r-patched-linux-x86_64
Version: 1.0.0
Check: installed package size
Result: NOTE
installed size is 8.6Mb
sub-directories of 1Mb or more:
libs 7.8Mb
Flavors: r-release-macos-arm64, r-release-macos-x86_64, r-oldrel-macos-arm64, r-oldrel-macos-x86_64
Version: 1.0.0
Check: PDF version of manual
Result: WARN
LaTeX errors when creating PDF version.
This typically indicates Rd problems.
LaTeX errors found:
! Package inputenc Error: Unicode char รข<c2><80><c2><90> (U+2010)
(inputenc) not set up for use with LaTeX.
See the inputenc package documentation for explanation.
Type H <return> for immediate help.
Flavor: r-oldrel-windows-ix86+x86_64
Version: 1.0.0
Check: PDF version of manual without hyperrefs or index
Result: ERROR
Flavor: r-oldrel-windows-ix86+x86_64