CRAN Package Check Results for Package bslib

Last updated on 2022-11-28 09:50:40 CET.

Flavor Version Tinstall Tcheck Ttotal Status Flags
r-devel-linux-x86_64-debian-clang 0.4.1 8.22 108.75 116.97 OK
r-devel-linux-x86_64-debian-gcc 0.4.1 4.99 80.64 85.63 OK
r-devel-linux-x86_64-fedora-clang 0.4.1 152.81 NOTE
r-devel-linux-x86_64-fedora-gcc 0.4.1 161.66 OK
r-devel-windows-x86_64 0.4.1 386.00 156.00 542.00 NOTE
r-patched-linux-x86_64 0.4.1 10.82 107.54 118.36 OK
r-release-linux-x86_64 0.4.1 6.38 105.76 112.14 OK
r-release-macos-arm64 0.4.1 62.00 NOTE
r-release-macos-x86_64 0.4.1 65.00 NOTE
r-release-windows-x86_64 0.4.1 359.00 155.00 514.00 NOTE
r-oldrel-macos-arm64 0.4.1 56.00 NOTE
r-oldrel-macos-x86_64 0.4.1 66.00 NOTE
r-oldrel-windows-ix86+x86_64 0.4.1 18.00 156.00 174.00 NOTE

Check Details

Version: 0.4.1
Check: installed package size
Result: NOTE
     installed size is 10.1Mb
     sub-directories of 1Mb or more:
     fonts 3.1Mb
     lib 5.4Mb
Flavors: r-devel-linux-x86_64-fedora-clang, r-devel-windows-x86_64, r-release-macos-arm64, r-release-macos-x86_64, r-release-windows-x86_64, r-oldrel-macos-arm64, r-oldrel-macos-x86_64, r-oldrel-windows-ix86+x86_64