CRAN Package Check Results for Package bsam

Last updated on 2022-11-29 09:52:10 CET.

Flavor Version Tinstall Tcheck Ttotal Status Flags
r-devel-linux-x86_64-debian-clang 1.1.3 14.65 112.85 127.50 OK
r-devel-linux-x86_64-debian-gcc 1.1.3 11.21 84.60 95.81 OK
r-devel-linux-x86_64-fedora-clang 1.1.3 168.05 NOTE
r-devel-linux-x86_64-fedora-gcc 1.1.3 168.86 NOTE
r-devel-windows-x86_64 1.1.3 23.00 134.00 157.00 OK
r-patched-linux-x86_64 1.1.3 12.71 108.00 120.71 OK
r-release-linux-x86_64 1.1.3 12.21 105.84 118.05 OK
r-release-macos-arm64 1.1.3 52.00 NOTE
r-release-macos-x86_64 1.1.3 63.00 NOTE
r-release-windows-x86_64 1.1.3 20.00 133.00 153.00 OK
r-oldrel-macos-arm64 1.1.3 36.00 NOTE
r-oldrel-macos-x86_64 1.1.3 73.00 NOTE
r-oldrel-windows-ix86+x86_64 1.1.3 31.00 126.00 157.00 OK

Check Details

Version: 1.1.3
Check: dependencies in R code
Result: NOTE
    Namespaces in Imports field not imported from:
     ‘rworldxtra’ ‘sp’
     All declared Imports should be used.
Flavors: r-devel-linux-x86_64-fedora-clang, r-devel-linux-x86_64-fedora-gcc, r-release-macos-arm64, r-release-macos-x86_64, r-oldrel-macos-arm64, r-oldrel-macos-x86_64