Last updated on 2023-03-19 09:57:22 CET.
Flavor | Version | Tinstall | Tcheck | Ttotal | Status | Flags |
---|---|---|---|---|---|---|
r-devel-linux-x86_64-debian-clang | 1.12.0 | OK | ||||
r-devel-linux-x86_64-debian-gcc | 1.12.0 | 8.04 | 385.29 | 393.33 | ERROR | |
r-devel-linux-x86_64-fedora-clang | 1.12.0 | 668.81 | OK | |||
r-devel-linux-x86_64-fedora-gcc | 1.12.0 | 699.09 | OK | |||
r-devel-windows-x86_64 | 1.12.0 | 111.00 | 552.00 | 663.00 | OK | |
r-patched-linux-x86_64 | 1.12.0 | 11.95 | 494.93 | 506.88 | OK | |
r-release-linux-x86_64 | 1.12.0 | 6.82 | 482.26 | 489.08 | OK | |
r-release-macos-arm64 | 1.12.0 | 129.00 | OK | |||
r-release-macos-x86_64 | 1.12.0 | 209.00 | OK | |||
r-release-windows-x86_64 | 1.12.0 | 71.00 | 548.00 | 619.00 | OK | |
r-oldrel-macos-arm64 | 1.12.0 | 112.00 | OK | |||
r-oldrel-macos-x86_64 | 1.12.0 | 206.00 | OK | |||
r-oldrel-windows-ix86+x86_64 | 1.12.0 | 18.00 | 586.00 | 604.00 | OK |
Version: 1.12.0
Check: re-building of vignette outputs
Result: ERROR
Error(s) in re-building vignettes:
...
--- re-building ‘tidy.Rmd’ using rmarkdown
Quitting from lines 296-322 (tidy.Rmd)
Error: processing vignette ‘tidy.Rmd’ failed with diagnostics:
DLL requires the use of native symbols
--- failed re-building ‘tidy.Rmd’
SUMMARY: processing the following file failed:
‘tidy.Rmd’
Error: Vignette re-building failed.
Execution halted
Flavor: r-devel-linux-x86_64-debian-gcc