CRAN Package Check Results for Package briskaR

Last updated on 2023-06-01 10:58:13 CEST.

Flavor Version Tinstall Tcheck Ttotal Status Flags
r-devel-linux-x86_64-debian-clang 1.0.4 84.87 378.16 463.03 NOTE
r-devel-linux-x86_64-debian-gcc 1.0.4 71.48 280.75 352.23 NOTE
r-devel-linux-x86_64-fedora-clang 1.0.4 602.04 NOTE
r-devel-linux-x86_64-fedora-gcc 1.0.4 622.57 NOTE
r-devel-windows-x86_64 1.0.4 74.00 259.00 333.00 NOTE
r-patched-linux-x86_64 1.0.4 NOTE
r-release-linux-x86_64 1.0.4 60.66 350.44 411.10 NOTE
r-release-macos-arm64 1.0.4 151.00 NOTE
r-release-macos-x86_64 1.0.4 270.00 NOTE
r-release-windows-x86_64 1.0.4 102.00 360.00 462.00 NOTE
r-oldrel-macos-arm64 1.0.4 130.00 NOTE
r-oldrel-macos-x86_64 1.0.4 309.00 NOTE
r-oldrel-windows-x86_64 1.0.4 93.00 338.00 431.00 OK

Check Details

Version: 1.0.4
Check: C++ specification
Result: NOTE
     Specified C++11: please drop specification unless essential
Flavors: r-devel-linux-x86_64-debian-clang, r-devel-linux-x86_64-debian-gcc, r-devel-linux-x86_64-fedora-clang, r-devel-linux-x86_64-fedora-gcc, r-devel-windows-x86_64, r-patched-linux-x86_64, r-release-linux-x86_64, r-release-macos-arm64, r-release-macos-x86_64, r-release-windows-x86_64

Version: 1.0.4
Check: installed package size
Result: NOTE
     installed size is 8.3Mb
     sub-directories of 1Mb or more:
     doc 1.1Mb
     libs 6.7Mb
Flavors: r-release-macos-arm64, r-release-macos-x86_64, r-oldrel-macos-arm64, r-oldrel-macos-x86_64