CRAN Package Check Results for Package breathtestcore

Last updated on 2022-09-25 09:51:34 CEST.

Flavor Version Tinstall Tcheck Ttotal Status Flags
r-devel-linux-x86_64-debian-clang 0.8.4 13.90 216.41 230.31 OK
r-devel-linux-x86_64-debian-gcc 0.8.4 13.30 159.78 173.08 OK
r-devel-linux-x86_64-fedora-clang 0.8.4 281.43 NOTE
r-devel-linux-x86_64-fedora-gcc 0.8.4 273.75 NOTE
r-devel-windows-x86_64 0.8.4 88.00 246.00 334.00 OK
r-patched-linux-x86_64 0.8.4 9.69 200.12 209.81 OK
r-release-linux-x86_64 0.8.4 9.15 201.54 210.69 OK
r-release-macos-arm64 0.8.4 86.00 OK
r-release-macos-x86_64 0.8.4 172.00 OK
r-release-windows-x86_64 0.8.4 40.00 244.00 284.00 OK
r-oldrel-macos-arm64 0.8.4 82.00 OK
r-oldrel-macos-x86_64 0.8.4 116.00 OK
r-oldrel-windows-ix86+x86_64 0.8.4 31.00 247.00 278.00 OK

Check Details

Version: 0.8.4
Check: package dependencies
Result: NOTE
    Package suggested but not available for checking: ‘breathteststan’
Flavors: r-devel-linux-x86_64-fedora-clang, r-devel-linux-x86_64-fedora-gcc

Version: 0.8.4
Check: Rd cross-references
Result: NOTE
    Undeclared package ‘generics’ in Rd xrefs
Flavor: r-devel-linux-x86_64-fedora-clang